6*n - n + 285. Let d be (-4)/((-4)/188*2). Let u = n + d. What is the tens digit of u?
3
Suppose 0 = 3*m - 3*v - 444, -6*m - 5*v = -2*m - 592. Let f = 237 - m. What is the units digit of f?
9
Let f be (-3)/(-12) - (-2 + (-546)/(-8)). What is the tens digit of (-11)/(f/(-588))*(1 + -2)?
9
Let m be 1*(3 + -3)/(-1). Suppose r - 5*r = m. What is the units digit of r + (-2 - 1 - -19)?
6
Suppose 677 - 4052 = -3*j. What is the tens digit of j?
2
Let b = 28 + -33. What is the units digit of (-60)/50*b/3?
2
Let u(v) = -v**2 + 28*v + 18. Let q(m) = m**2 + 7*m + 23. Let x be q(-6). What is the units digit of u(x)?
5
Let w = 1083 + 1071. What is the thousands digit of w?
2
Let p(w) = -w**3 + 4*w**2 - 2*w - 24. What is the tens digit of p(-7)?
2
Let u = 223 + 617. What is the tens digit of u?
4
Suppose 5*w - 25 = -0*w. Let x = -9 + w. What is the units digit of x/18 - (-330)/27?
2
Let r be (6/18)/(1/(-6)). Let n be r/1 + 1 + 1. Suppose -8*w + 2*w + 6 = n. What is the units digit of w?
1
Suppose -5*t = 5*x - 15, 3*x - 4*t + 10 = -2. What is the units digit of (-63)/(-2)*16/6 + x?
4
Suppose -5*l - 5 = -0*l, -l = -4*w + 2961. What is the units digit of w?
0
Let u = 849 - 274. Let q = -403 + u. What is the hundreds digit of q?
1
Suppose 67 = 2*s - 99. What is the units digit of s*-3*(2 - (-28)/(-12))?
3
Let m be 6*(-9)/(-12)*18/27. Suppose 2*z - 785 = -5*b - 2*z, m*z = 2*b - 337. What is the tens digit of b?
6
Let b be 4/14 + 128/(-7). Let a = b - -20. What is the units digit of (2/(-5))/(a/(-190))?
8
Let s(x) = -x**3 - 9*x**2 + 2*x + 9. Let b be s(-9). What is the units digit of b/15 - 223/(-5)?
4
Let u = 5 - 14. Let c = u + 14. Suppose -c*m + 2*r = -35, -4*m + 2*m + 2*r + 8 = 0. What is the units digit of m?
9
Let h be ((-24)/30)/(2/(-10)). Suppose 142 = h*w - 234. What is the units digit of w?
4
Let l(n) = 3*n - 7. What is the tens digit of l(7)?
1
Suppose 9*b - 4327 = 4583. What is the tens digit of b?
9
Suppose 0 = -3*i + 6, 3*i - 2 + 8 = 3*v. Suppose v*b = 4*c, -c = 2*c. Let f(d) = d + 3. What is the units digit of f(b)?
3
Suppose -607 = 6*w - 2083. What is the hundreds digit of w?
2
Let f be -2*(-27)/(-2)*(-28)/3. Suppose 3*b - f = -4*r, -r - b + 56 = -2*b. What is the tens digit of r?
6
Suppose 12 = -4*i, 8*c - 13*c + 13 = -i. Suppose 0 = 2*u + c*x - 160 - 70, -2*x - 214 = -2*u. What is the tens digit of u?
1
Let r = -11 + 13. Suppose g = r*g - 8. What is the units digit of g/10*90/12?
6
Suppose -d + x + 79 = 0, -2*d + 3*x + 145 + 16 = 0. Let q = d - 46. What is the units digit of q?
0
Suppose -2*x = 3*x - 15. Suppose -x*v + 2*c + 423 = 0, 0 = -5*v + 4*c + 570 + 135. What is the units digit of (-7)/(-7) - v/(-3)?
8
Let t be ((-12)/(-8))/(12/40). Suppose 0*r + r = 2*q - 17, -t*q + 56 = 2*r. What is the tens digit of q?
1
Let t(m) = m**2 - 9*m - 10. Let i be t(-7). Suppose -4*c - 122 = i. Let x = c + 79. What is the tens digit of x?
2
Suppose -2*u - 2*u + 33 = 5*p, -3*p + 15 = 0. Let c(t) = -17*t - 2 + 3*t + 8 - t**u. What is the units digit of c(-9)?
1
Let n(k) = k**3 + 15*k**2 + 10*k - 6. Let a(g) = -g**3 + 4*g**2 + 12*g - 14. Let j be a(6). What is the tens digit of n(j)?
5
Suppose 5*c = -5*r - 166 - 274, -3*r - 240 = -3*c. Let v = 146 - 155. What is the units digit of (r/(-9))/((-3)/v)?
8
Suppose 583*a = 584*a - 273. What is the hundreds digit of a?
2
Let d = 2250 - 1455. Suppose -3*v + 8*v + 5*g = d, 318 = 2*v + 4*g. What is the units digit of v?
9
Let c(o) = 43*o**2 + 2*o - 13. Let x be c(3). Suppose x = n + 3*n + k, 0 = 5*k. What is the units digit of n?
5
Let o be (-62)/(35/(-15) - -3). Let u = o + 192. What is the tens digit of u?
9
Suppose 15*n = -4594 + 22564. What is the hundreds digit of n?
1
Let s(h) = -h**3 + 15*h**2 + 16*h + 44. What is the units digit of s(13)?
0
Suppose 2*a = -2*a + l + 1544, -5*a + 1931 = -l. What is the tens digit of a?
8
Suppose 584 = 3*t - 8*y + 7*y, 0 = t - 4*y - 180. What is the units digit of t?
6
Let a(c) = c**2 + c - 34. Suppose -o + 5*o - 4*h = 20, o = 3*h - 5. What is the units digit of a(o)?
6
Let s be (6/(-1 - -13))/((-2)/596). Let m = 279 + s. What is the hundreds digit of m?
1
Let b(q) = -q**3 - 20*q**2 + 21*q + 2. Suppose -24 = l - 2*n - 7, 2*l - 2*n + 38 = 0. What is the units digit of b(l)?
2
Let l be -1 - (0 - (33 - 0 - -3)). What is the tens digit of 14/l*(141 + (2 - 3))?
5
Let f be (1 - 1087 - 0)*(-11)/22. Suppose -6*n + 201 = -f. What is the tens digit of n?
2
Let h(n) = -8*n**3 + 4*n**2 + 6*n + 36. What is the units digit of h(-5)?
6
Let x(y) = y**3 + 27*y**2 - 23*y - 123. What is the hundreds digit of x(-27)?
4
Let t = -15 + 17. Let r = 5 - t. Let z(v) = 2*v**3 - 5*v**2 + 4*v - 3. What is the tens digit of z(r)?
1
Suppose -3*i - 42 = -2*f - 0*f, -44 = -4*f - 4*i. Let d be -3 - (0 + f)/(-3). What is the tens digit of d/(-1)*(-69)/6?
2
Let u be 5*(-1 - 7/(-5)). Suppose -u*c - 127 = -27. Let j = 75 + c. What is the units digit of j?
5
Let d = -9 - -13. Suppose 38 + 6 = d*v. Let t(s) = s**3 - 12*s**2 + 13*s - 11. What is the tens digit of t(v)?
1
Let r(l) = 4*l**3 - 5*l**2 - 10*l + 10. Let h be r(10). What is the units digit of h/(-33)*(-3)/2?
5
Let u(x) = x**3 + 7*x**2 - 5*x + 5. Let q be u(-7). Suppose -5*f + 5*h - q = 0, -3*f + 0*h = -4*h + 28. Let j = f + 37. What is the units digit of j?
3
Suppose -5*r + 3*z = -1155, -5*r + z = -0*z - 1165. Suppose -t + 3*k = -54, -t - r = -6*t - 3*k. What is the tens digit of t?
4
Let p(w) = -w**3 - w**2 + 641. What is the units digit of p(0)?
1
Let o = -10 + 12. Suppose 3*u = u - o. What is the units digit of (-3)/(-3)*(u - -2)?
1
Let l(f) = 118*f - 284. What is the tens digit of l(17)?
2
Let n be -7 - ((-4)/4)/(-1). Let m be 2 - (-2)/(n/(-36)). Suppose w - 11 = -2*u, 4 = 2*u - 3*w - m. What is the units digit of u?
6
What is the units digit of (-4880)/(-14) + (-3)/(-7)?
9
Let y = -57 - -51. Let g(r) = -17*r + 3. What is the hundreds digit of g(y)?
1
Let z = -31 - -34. Let c(f) = -f**3 + f**2 + 5*f - 3. Let k be c(z). Let p(v) = v**2 - v + 11. What is the units digit of p(k)?
3
Suppose -27*v + 30537 = 5*z - 28*v, 3*z = 3*v + 18327. What is the units digit of z?
7
Let u = 6 + 1. Suppose u*n - 210 = n. Let q = -28 + n. What is the units digit of q?
7
Let y(t) = 276*t + 40. What is the hundreds digit of y(1)?
3
Let i(n) = 4*n + n + n**2 + 0*n - 9 - 2. Let u be i(-7). Suppose -u*r - 102 = -5*r. What is the tens digit of r?
5
Suppose 0 = -13*y - y + 15792. What is the tens digit of y?
2
Suppose -10*f - 4373 = -25373. What is the tens digit of f?
0
Suppose -12*i = -10*i - 458. What is the tens digit of i?
2
Let o be -1*24*(-9 + 10). Let f = o + 69. What is the units digit of f?
5
Let k be ((-8)/5)/((-8)/(-20)). Let d be 12/(-1) + k + 6. What is the units digit of ((-21)/15)/(2/d)?
7
Let c be (-1 + -3)/(14/21). What is the tens digit of (74/(-6))/(c/36)?
7
Suppose -9*u + 12714 = 17*u. What is the units digit of u?
9
Let k = 3 - -8. Suppose -3*b + k = -34. Suppose -b = -3*m + 9. What is the units digit of m?
8
Suppose -198 = 2*v - 4*v. Let p = 182 - v. Suppose p + 7 = 6*m. What is the units digit of m?
5
Let k(i) = 5*i**2 - 3*i + 7. Let f be 2*9/4*(-12)/(-18). What is the units digit of k(f)?
3
Suppose 15 = 2*o + 1. Suppose -p = -0*p - o. Let b = p + 34. What is the tens digit of b?
4
Let a = 7573 - 3663. What is the hundreds digit of a?
9
Let i(l) = -l + 14. Let z be i(9). Suppose -z*p - 52 = -4*k, -5*k - 2 = -5*p - 67. Let q = k + -4. What is the units digit of q?
9
Let n be (10/(-20))/((-1)/(-12)). What is the units digit of 20/(1 + n/10)?
0
Let b = 10 + -10. What is the hundreds digit of b + -1 + 1 - (-105 + 4)?
1
Suppose -2*p + 2 = 0, 4*l + p - 4*p = 69. Suppose -l*i + 13*i - 10 = 0. What is the units digit of i*4/16*-10?
5
Let g(o) = o**3 - o**2 + o - 4. Let u be g(0). Let q = u + 9. What is the tens digit of 175/14*8/q?
2
Let j(x) = x**3 - x**2 + x + 1. Let d(b) = 3*b**3 + 4*b**2 + 4*b - 8. Let m(a) = -d(a) + 2*j(a). What is the units digit of m(-7)?
3
Let y(a) = -6*a - 2. Let o be y(-2). Suppose -i - o = -3*c, 5*c + 4*i = -0*c + 11. Suppose 27 + 15 = c*r. What is the tens digit of r?
1
Let v(y) = -7*y + 22. Let i be v(3). What is the units digit of (2 - 6 - -6)/(i/22)?
4
Let u(d) = 4*d - 37. Let l be u(7). What is the hundreds digit of (6/l)/((-6)/45)*55?